1726. What is the hundreds digit of i?
5
What is the hundreds digit of (-5 - (-251 - -3)) + 5?
2
Let g(u) = 2*u**2 + 18*u + 3. Let q(y) = y - 1. Let p = 5 - 4. Let j(s) = p*g(s) + 3*q(s). What is the tens digit of j(-13)?
6
Suppose t - 14 = -4*d, 4*t + 5*d - 23 = -0*d. Let w = -3 - -30. Suppose -t*p + w = -p. What is the units digit of p?
7
Let n(p) = p**2 + 8*p + 17. Let t be n(-7). Suppose 16*a = 21*a - t. Suppose 42 = h + 3*h + a*u, -2*h + 2*u = -12. What is the units digit of h?
9
What is the hundreds digit of -7 + 10/(-50)*-3865?
7
Suppose -25140 = -30*c + 5220. What is the units digit of c?
2
Let o = -98 + 133. What is the units digit of o?
5
Let g be 1/(-2)*0/(-5). Suppose g = -5*v + 24 + 26. What is the tens digit of v?
1
Suppose -460 = -4*m - 0*m. Suppose 4*z = -z - m. Let d = -11 - z. What is the units digit of d?
2
Let n(j) = -11*j**3 - j**2 - j - 1. Let s be n(-1). Let x be 5/(s/(-6)) + 7. Suppose 108 = x*u + 24. What is the units digit of u?
1
Suppose 15 = -5*d, 241*r - 2*d + 490 = 243*r. What is the units digit of r?
8
What is the tens digit of ((-6)/2 - -13) + 1497?
0
Let w(r) = 257*r**2 - 48*r + 185. What is the hundreds digit of w(4)?
1
Suppose -u + 5*u + 56 = 0. What is the hundreds digit of 302*(0 + u/(-4) - 3)?
1
Let q = -14 + 109. What is the tens digit of q?
9
Suppose 4*n + 40 - 4 = -4*j, n - 3*j + 17 = 0. Let a be ((-3)/(-3))/(3/(-84)). Let c = n - a. What is the tens digit of c?
1
Let k = 46 - -7. Let l = k - -29. What is the units digit of l?
2
Let v(c) = -3 + 0 + 1 + 3*c**2 - 4. What is the tens digit of v(3)?
2
Let w(r) = -r**2 + 16*r - 16. Let y be w(13). Let g = y + -14. Suppose g*m - 4*m = 140. What is the units digit of m?
8
Suppose -2*z = -q - 1121, 5*z - 2*z - 4*q - 1679 = 0. What is the tens digit of z?
6
Let v be (36/(-8))/(-3) + (-79)/(-2). Suppose -3*r - 3*l + 132 = 0, -2*r + v + 45 = 3*l. What is the units digit of r?
6
Suppose -3*j + 5*d = -6638, 4*d + 2201 = j - 0*j. What is the hundreds digit of j?
2
Suppose i + 20 = 6*i, -5*i = a - 23. Suppose 5*p - 2*v - 24 = p, 3*p = -a*v + 9. Suppose 4*x = -x + 10, 0 = p*d - 2*x - 206. What is the units digit of d?
2
Suppose -u = -3*q + 215, 3*u + 2*u + 345 = 5*q. What is the units digit of q?
3
Suppose -559 = -4*a + 69. What is the units digit of a?
7
Let z(q) = -102*q**3 - 3*q - 2. Let b(u) = u**2 + 11*u + 17. Let y be b(-9). What is the hundreds digit of z(y)?
1
Suppose -4 = -3*p - 2*v - 5, -2*v + 2 = 0. Let j(t) = -6*t + 5. Let u(d) = -5*d + 4. Let k(h) = -4*j(h) + 5*u(h). What is the units digit of k(p)?
1
Let m(a) = a - 39. Let g be m(7). Let s = g - -72. What is the tens digit of s?
4
Suppose -80 = -k - 4*k. What is the units digit of 1420/k - (-1)/(4 + 0)?
9
Let b = 35 - 42. Let g(k) = -5*k - 6. What is the tens digit of g(b)?
2
Suppose -10*v = v - 2915. What is the hundreds digit of v?
2
Suppose 0 = 2*u - 23 + 19. What is the units digit of 19/1 + 11/(11/u)?
1
Let n(q) be the first derivative of 2*q**2 - 9*q + 17. What is the tens digit of n(14)?
4
Let u be (9/12)/(21/56). What is the units digit of (-3838)/(-57) + u/(-6)?
7
Let n = -21 - -31. Let c(b) = n - b + 4*b - 21. What is the units digit of c(13)?
8
Let u(j) = -1135*j - 3. What is the hundreds digit of u(-1)?
1
Let w be 2/(-8) - (-15)/(-4). Let y be (-27)/(-21) - w/(-14). Let t(a) = 26*a**2 + 1. What is the tens digit of t(y)?
2
What is the units digit of (-56)/32 + 40545/60?
4
Let x(j) = -j**2 + 9*j + 13. Let o be x(9). Let a = o + -8. Suppose 0 = -4*s + a + 7. What is the units digit of s?
3
Let m = -11 - -15. Suppose y - 7 = d, -m*d = -3*d - 2*y + 7. What is the units digit of 580/70 - (-2)/d?
8
Suppose -3*i + 5 = 4*r, -i = -3*r - 0*i + 7. What is the tens digit of (r/(-9)*-9)/((-4)/(-130))?
6
Let w(r) be the second derivative of -r**4/12 - r**3/6 + 83*r**2/2 - 5*r. What is the tens digit of w(0)?
8
Let m be (-225)/(-7) + 10/(-70). Let p = m - 20. What is the tens digit of p?
1
Let n be (-514)/10 + 6/15. Let x = n + -10. What is the tens digit of x/(-1) + (-15 - -15)?
6
Let h be (-890)/15 + 2/(-3). What is the tens digit of 1062/24*h/(-9)?
9
Suppose 30*k - 124500 = -20*k. What is the tens digit of k?
9
Let y = -351 + 647. What is the hundreds digit of y?
2
Let i(z) = 2*z**3 - 4*z**2 + 4*z - 3. Suppose 5*q - 2*q = 24. Suppose -o + q = 5. What is the units digit of i(o)?
7
Suppose -5*h = -4938 - 572. What is the tens digit of h?
0
Suppose 3*w - 8*w = -1675. Suppose -31*b + w = -26*b. What is the tens digit of b?
6
Let c(v) = v**2 - 3*v - 5. Let b be c(5). Suppose -f - 3 + b = 0. Suppose -f = 2*d - 3*d. What is the units digit of d?
2
Let y = 1744 + -800. What is the hundreds digit of y?
9
Let t(v) = -v**2 + 25*v - 57. What is the units digit of t(21)?
7
Let j = 245 + -161. What is the hundreds digit of (118/(-7))/((-12)/j)?
1
Let f(o) = -o**3 + 10*o**2 + 2*o + 28. Let i be f(10). Let u = 70 - 36. Let x = i - u. What is the tens digit of x?
1
Let a = 352 + -88. Let y be a/(-26) - 8/(-52). What is the units digit of (-4)/y - 506/(-10)?
1
Let o(p) = 5*p**2 + 10*p. Let z be o(-3). Suppose -2*s = -z*s + 260. What is the tens digit of s?
2
Let x = -117 + 81. Let u = x + 41. Suppose 3*r - 4*p = 43, -3*r - 2*r - u*p = -130. What is the units digit of r?
1
Let i = 2379 - -339. What is the tens digit of i?
1
Let i(z) = z**3 + 9*z**2 - 12*z + 6. Let r be i(-8). Suppose -254 = -5*y + r. What is the tens digit of y?
8
Suppose -2*v - 3*v - 4*y + 855 = 0, -y - 180 = -v. Suppose v = 24*r - 19*r. What is the units digit of r?
5
Let t be 2/(-11) + 1837/121. Suppose -t = -4*h + 325. What is the units digit of h?
5
Let u(o) = 204*o. Let d be u(1). Let b = 0 - -3. Suppose 0*w + 4*w + 2*n - d = 0, -51 = -w + b*n. What is the units digit of w?
1
What is the thousands digit of (3 - -3) + -5 + -3 - -1264?
1
Let r(k) = 6*k**2 - k - 2. Let c = -4 - -3. Let y be ((-1)/1 - 1)*c. What is the tens digit of r(y)?
2
Suppose 0*w = 4*w - 356. Let y = -1 + w. Let q = -57 + y. What is the tens digit of q?
3
Suppose -7*u = -5*u - 110. Let z = -15 + u. What is the units digit of z?
0
Suppose -y - 29 = 23. Let d = 78 + y. Let r = 49 - d. What is the tens digit of r?
2
Let a = 382 - -373. What is the tens digit of a?
5
Suppose -9*p + 37 = -89. Let w(k) = k**3 + 4*k**2 - 6*k + 4. Let i be w(-5). Suppose -i = -y + p. What is the tens digit of y?
2
Let c = -803 + 514. What is the tens digit of (-6)/24 - c/4?
7
Let w(y) = -120*y**3 + y**2 - y. Let x be w(1). Let o = x - -215. What is the units digit of o?
5
Let i = 958 + -627. What is the units digit of i?
1
Let v(c) = 9*c**2 + 42*c + 4. What is the tens digit of v(-5)?
1
Suppose 5*q - 4 = 6. Suppose 0 = -2*m - q*m - 52. Let a = m - -21. What is the units digit of a?
8
What is the hundreds digit of (-261)/(-58)*976/6?
7
Suppose 3*o - 624 = -13*o. Suppose o*a = 40*a - 108. What is the tens digit of a?
0
Suppose 794 = 2*s - 4*t, 2*t = 5*s + 4*t - 2009. What is the hundreds digit of s?
4
Let h = -1469 - -2739. What is the tens digit of h?
7
Let m be 2/10*2*180. Suppose -2*r - m = -4*r. What is the units digit of r?
6
Suppose 289 = -6*v + 25. Let n = v + 88. What is the tens digit of n?
4
Let g = -2931 - -4866. What is the units digit of g?
5
Let c = 164 + 50. Let v = c + -108. What is the hundreds digit of v?
1
Let u(i) = 3*i**2 - 2 - 8*i - 3 + 4 + i**3 - 7. What is the units digit of u(-4)?
8
Let b(a) = -a**2 - 5*a + 2. Let f be b(-6). Let v = 2 - f. Suppose -57 + v = -3*l. What is the tens digit of l?
1
Let b(c) = c + 1. Let l(z) = -2*z**2 - 10*z + 1. Let s(w) = -6*b(w) - l(w). Let a be (-4)/(-1) + (-6)/(11 + -5). What is the units digit of s(a)?
3
What is the units digit of 4 - (-2 + (-40)/2)?
6
Let o = -7143 - -12356. What is the units digit of o?
3
Let p = 2920 - 760. What is the units digit of p?
0
Let w(h) = 9*h**3 - 17*h**2 - 13*h + 5. What is the tens digit of w(5)?
4
Suppose -124 - 102 = -x. What is the tens digit of x?
2
Let r be (-14)/(-8) + (-5)/(-4). Suppose -2*n - 270 = -5*p, 33 - 211 = -r*p - 2*n. What is the tens digit of p?
5
Let q(v) = 3*v**2 - v**2 - 3 + 13*v + 8. What is the units digit of q(-7)?
2
Let n(f) = 100*f - 53*f + f**2 + 28 - 46*f. Let s be n(0). Let t = 88 - s. What is the units digit of t?
0
Suppose -58*q + 2 = -56*q, 0 = -4*k - q + 10817. What is the tens d